e?
False
Is 89413 prime?
True
Is 30269 composite?
False
Is 40343 composite?
False
Is 178859 a prime number?
True
Is 17315 a prime number?
False
Is 51899 composite?
False
Is 391829 a composite number?
True
Is 1847 composite?
False
Is 1517 a composite number?
True
Is 6769 composite?
True
Is 22187 a prime number?
False
Is 17783 composite?
False
Is 3719 a composite number?
False
Is 5513 a prime number?
False
Is 3131 prime?
False
Is 3389 composite?
False
Is 2149 a composite number?
True
Is 10367 a composite number?
True
Is 603419 prime?
False
Is 3297731 a prime number?
True
Is 5059 composite?
False
Is 894679 prime?
False
Is 2411 prime?
True
Is 62591 prime?
True
Is 22249 composite?
True
Is 8999 a composite number?
False
Is 19781 composite?
True
Is 196135 a composite number?
True
Is 4691 prime?
True
Is 15143 a composite number?
True
Is 380357 composite?
True
Is 30715 a composite number?
True
Is 195191 prime?
False
Is 293395 prime?
False
Is 3251 composite?
False
Is 14669 prime?
True
Is 85623 a composite number?
True
Is 4303 prime?
False
Is 23399 a composite number?
False
Is 21961 prime?
True
Is 1817705 composite?
True
Is 393802 composite?
True
Is 42241 prime?
False
Is 6803 composite?
False
Is 4559807 prime?
False
Is 49255 composite?
True
Is 3657243 prime?
False
Is 2766821 a composite number?
False
Is 20249 a composite number?
False
Is 43879 a composite number?
True
Is 173249 a composite number?
False
Is 11213 prime?
True
Is 39293 composite?
False
Is 8891 a composite number?
True
Is 3779939 a composite number?
True
Is 3109 prime?
True
Is 3967 a prime number?
True
Is 469 a prime number?
False
Is 326309 a composite number?
False
Is 9481 prime?
False
Is 2040439 prime?
False
Is 50185 a prime number?
False
Is 5042287 composite?
False
Is 6173 composite?
False
Is 346793 a composite number?
False
Is 1973 a prime number?
True
Is 4040279 composite?
False
Is 26419 composite?
True
Is 1114111 a prime number?
True
Is 1400821 composite?
False
Is 83689 composite?
False
Is 448397 a composite number?
False
Is 3641 prime?
False
Is 1586023 composite?
False
Is 179161 a prime number?
True
Is 2543 a prime number?
True
Is 6847 a composite number?
True
Is 175391 prime?
True
Is 5305 a composite number?
True
Is 152699 composite?
True
Is 102689 composite?
True
Is 1597 prime?
True
Is 1629767 a composite number?
False
Is 8191 prime?
True
Is 32197 prime?
False
Is 139857 composite?
True
Is 1871917 composite?
False
Is 298757 a composite number?
False
Is 181463 a composite number?
True
Is 260963 a prime number?
False
Is 321007 composite?
False
Is 14797 a prime number?
True
Is 90263 prime?
True
Is 61763 a composite number?
True
Is 210943 a prime number?
True
Is 5406095 prime?
False
Is 139765 prime?
False
Is 2144893 a prime number?
True
Is 1048951 prime?
False
Is 227849 a prime number?
True
Is 35381 a prime number?
True
Is 374159 a prime number?
True
Is 21269 a composite number?
False
Is 325706 a composite number?
True
Is 230647 composite?
False
Is 85597 prime?
True
Is 62531 composite?
True
Is 9871 a composite number?
False
Is 675823 a composite number?
False
Is 16973 a prime number?
False
Is 901 a prime number?
False
Is 7271 composite?
True
Is 26141 composite?
False
Is 3189 prime?
False
Is 534063 prime?
False
Is 3215773 prime?
False
Is 93463 prime?
True
Is 20411 a prime number?
True
Is 2051 a prime number?
False
Is 7235 a prime number?
False
Is 178 prime?
False
Is 178681 a prime number?
True
Is 128693 composite?
False
Is 177091 prime?
True
Is 1367 composite?
False
Is 8885 prime?
False
Is 118829 composite?
True
Is 898951 a composite number?
False
Is 5939491 a prime number?
True
Is 1973 a prime number?
True
Is 2307 a prime number?
False
Is 13705 composite?
True
Is 12247 prime?
False
Is 5737 prime?
True
Is 91331 prime?
True
Is 38945 a prime number?
False
Is 132511 composite?
False
Is 1252573 prime?
False
Is 3557 prime?
True
Is 12813 a prime number?
False
Is 97127 a prime number?
True
Is 367163 a composite number?
False
Is 14165 prime?
False
Is 22529 a composite number?
True
Is 9517 prime?
False
Is 29105 a composite number?
True
Is 1031 composite?
False
Is 370085 a composite number?
True
Is 75431 composite?
False
Is 2174 prime?
False
Is 959263 composite?
False
Is 445427 a prime number?
True
Is 743 a composite number?
False
Is 26759 a prime number?
True
Is 5297419 composite?
False
Is 234457 composite?
False
Is 132299 prime?
True
Is 692789 composite?
False
Is 170207 a composite number?
False
Is 1393 composite?
True
Is 101069 a prime number?
False
Is 155679 a composite number?
True
Is 301177 prime?
True
Is 530701 composite?
False
Is 2497 a prime number?
False
Is 291589 composite?
True
Is 407471 composite?
False
Is 1285381 composite?
False
Is 85043 a prime number?
False
Is 1349 prime?
False
Is 427013 a composite number?
False
Is 2041 a prime number?
False
Is 8279 a composite number?
True
Is 47563 a prime number?
True
Is 1367 a prime number?
True
Is 935107 composite?
False
Is 407437 prime?
True
Is 12569 composite?
False
Is 963211 prime?
True
Is 457621 composite?
False
Is 1037041 composite?
False
Is 31817 a composite number?
False
Is 5627 prime?
False
Is 67021 prime?
True
Is 39539 prime?
False
Is 5334211 a composite number?
False
Is 723029 a composite number?
False
Is 14621 composite?
False
Is 20177 composite?
False
Is 120619 a composite number?
False
Is 237077 composite?
True
Is 959501 a composite number?
True
Is 1419683 prime?
True
Is 172507 composite?
False
Is 81637 a composite number?
False
Is 58118 composite?
True
Is 100387 a prime number?
False
Is 719107 prime?
False
Is 9122 a prime number?
False
Is 18191 a prime number?
True
Is 10223 prime?
True
Is 163841 a prime number?
True
Is 30293 a composite number?
False
Is 6607 a prime number?
True
Is 143791 a prime number?
True
Is 491383 prime?
False
Is 216289 composite?
False
Is 93463 prime?
True
Is 675923 prime?
True
Is 78779 composite?
False
Is 281049 a composite number?
True
Is 9491 prime?
True
Is 13033 a prime number?
True
Is 79687 a composite number?
False
Is 94421 prime?
True
Is 26 a composite number?
True
Is 3417005 a prime number?
False
Is 251101 prime?
False
Is 125093 prime?
True
Is 117659 composite?
False
Is 21701 a prime number?
True
Is 261565 composite?
True
Is 1336017 a prime number?
False
Is 878651 a composite number?
False
Is 4197991 a prime number?
False
Is 41343 a composite number?
True
Is 150299 a prime number?
True
Is 1337 composite?
True
Is 3049 a prime number?
True
Is 512807 prime?
False
Is 37615 composite?
True
Is 364643 a composite number?
False
Is 9031 prime?
False
Is 42821 a prime number?
True
Is 280289 a composite number?
True
Is 151367 a prime number?
False
Is 415015 a composite number?
True
Is 12373 a composite number?
False
Is 16921 a prime number?
True
Is 10079 composite?
False
Is 7621 prime?
True
Is 5897 a composite number?
False
Is 222029 a prime number?
True
Is 43391 a prime number?
True
Is 26141 composite?
False
Is 20849 prime?
True
Is 105863 a prime number?
True
Is 11851 composite?
True
Is 1055801 a composite number?
False
Is 156941 a prime number?
True
Is 162353 a composite number?
True
Is 221159 a prime number?
True
Is 2031 composite?
True
Is 50261 prime?
True
Is 29105 a composite number?
True
Is 83 composite?
False
Is 188553 prime?
False
Is 30911 a prime number?
True
Is 2657 a composite number?
False
Is 28069 prime?
True
Is 10289 a composite number?
False
Is 354971 composite?
False
Is 215893 composite?
False
Is 454435 prime?
False
Is 53653 a composite number?
False
Is 1402 composite?
True
Is 32093 a prime number?
False
Is 7817 a prime number?
True
Is 375643 composite?
False
Is 28261 prime?
False
Is 15143 a prime number?
False
Is 40057 a prime number?
False
Is 200053 a prime number?
False
Is 13979 a composite number?
True
Is 12097 a composite number?
False
Is 1373 a prime number?
True
Is 1097267 composite?
False
Is 10771 a prime number?
True
Is 98533 prime?
True
Is 87071 a composite number?
False
Is 5261 prime?
True
Is 110077 prime?
False
Is 16141 composite?
False
Is 1367 composite?
False
Is 1387415 a composite number?
True
Is 89363 a composite number?
False
Is 47053 a composite number?
True
Is 4019 a prime number?
True
Is 2333 prime?
True
Is 1117 a composite number?
False
Is 70769 a composite number?
Fals